{"id":95,"date":"2023-05-05T11:10:50","date_gmt":"2023-05-05T14:10:50","guid":{"rendered":"https:\/\/cortandoecosturando.com\/?page_id=95"},"modified":"2023-06-02T08:12:51","modified_gmt":"2023-06-02T11:12:51","slug":"corte-e-costura-sob-medida","status":"publish","type":"page","link":"https:\/\/cortandoecosturando.com\/index.php\/corte-e-costura-sob-medida\/","title":{"rendered":"Corte e Costura Sob Medida"},"content":{"rendered":"\n<div class=\"wp-block-columns is-layout-flex wp-container-core-columns-is-layout-28f84493 wp-block-columns-is-layout-flex\">\n<div class=\"wp-block-column is-layout-flow wp-block-column-is-layout-flow\">\n<div class=\"wp-block-columns is-layout-flex wp-container-core-columns-is-layout-28f84493 wp-block-columns-is-layout-flex\">\n<div class=\"wp-block-column is-layout-flow wp-block-column-is-layout-flow\" style=\"flex-basis:66.66%\">\n<p>Costurar as pr\u00f3prias roupas pode trazer uma s\u00e9rie de prazeres e benef\u00edcios. Aqui est\u00e3o alguns aspectos positivos desse hobby:<\/p>\n\n\n\n<!--more-->\n\n\n\n<p>Criatividade,Ajuste perfeito, Qualidade, Economia, Desenvolvimento de habilidades, Sentimento de realiza\u00e7\u00e3o.<\/p>\n\n\n\n<p>Lembre-se de que costurar roupas requer tempo, paci\u00eancia e pr\u00e1tica. Come\u00e7ar com projetos simples e ir progredindo gradativamente \u00e9 uma boa maneira de se envolver nesse hobby. <\/p>\n<\/div>\n\n\n\n<div class=\"wp-block-column is-layout-flow wp-block-column-is-layout-flow\" style=\"flex-basis:33.33%\">\n<figure class=\"wp-block-image size-full is-resized\"><img loading=\"lazy\" decoding=\"async\" src=\"http:\/\/cortandoecosturando.com\/wp-content\/uploads\/2023\/06\/modelosaia.png\" alt=\"\" class=\"wp-image-1174\" width=\"115\" height=\"204\" srcset=\"https:\/\/cortandoecosturando.com\/wp-content\/uploads\/2023\/06\/modelosaia.png 319w, https:\/\/cortandoecosturando.com\/wp-content\/uploads\/2023\/06\/modelosaia-169x300.png 169w\" sizes=\"auto, (max-width: 115px) 100vw, 115px\" \/><\/figure>\n\n\n\n<p><a href=\"https:\/\/cortandoecosturando.com\/index.php\/2023\/06\/01\/saia-longa-com-babados\/\" data-type=\"URL\" data-id=\"https:\/\/cortandoecosturando.com\/index.php\/2023\/06\/01\/saia-longa-com-babados\/\">Saia Longa com Babados<\/a><\/p>\n\n\n\n<figure class=\"wp-block-image size-full\"><img loading=\"lazy\" decoding=\"async\" width=\"254\" height=\"273\" src=\"http:\/\/cortandoecosturando.com\/wp-content\/uploads\/2023\/05\/modelo-3.png\" alt=\"\" class=\"wp-image-1125\"\/><\/figure>\n\n\n\n<p><a href=\"https:\/\/cortandoecosturando.com\/index.php\/2023\/05\/26\/saia-lapis\/\" data-type=\"URL\" data-id=\"https:\/\/cortandoecosturando.com\/index.php\/2023\/05\/26\/saia-lapis\/\">Saia L\u00e1pis<\/a><\/p>\n\n\n\n<figure class=\"wp-block-image size-full\"><img loading=\"lazy\" decoding=\"async\" width=\"195\" height=\"179\" src=\"http:\/\/cortandoecosturando.com\/wp-content\/uploads\/2023\/05\/modelo_camisa_feminina.jpg\" alt=\"\" class=\"wp-image-1133\"\/><\/figure>\n\n\n\n<p><a href=\"https:\/\/cortandoecosturando.com\/index.php\/2023\/05\/29\/camisa-feminina\/\" data-type=\"URL\" data-id=\"https:\/\/cortandoecosturando.com\/index.php\/2023\/05\/29\/camisa-feminina\/\">Camisa Feminina<\/a><\/p>\n<\/div>\n<\/div>\n\n\n\n<p><\/p>\n<\/div>\n<\/div>\n\n\n\n<p class=\"has-medium-brown-color has-text-color has-large-font-size\"><\/p>\n\n\n\n<h2 class=\"wp-block-heading\"><\/h2>\n\n\n\n<p><a href=\"https:\/\/www.youtube.com\/channel\/UCoJ3Ib8HUyh7U1GZLLJrKKw\" data-type=\"URL\" data-id=\"https:\/\/www.youtube.com\/channel\/UCoJ3Ib8HUyh7U1GZLLJrKKw\">Canal do Youtube &#8211; CortandoEcosturando<\/a><\/p>\n\n\n\n<p><a href=\"https:\/\/www.facebook.com\/cortandoecosturando\" data-type=\"URL\" data-id=\"https:\/\/www.facebook.com\/cortandoecosturando\">Nossa p\u00e1gina no Facebook<\/a><\/p>\n\n\n\n<h2 class=\"wp-block-heading\">Orienta\u00e7\u00f5es Gerais<\/h2>\n\n\n\n<p>Para melhor entendimento do material do site, orientamos ler as instru\u00e7\u00f5es abaixo:<\/p>\n\n\n\n<p>O primeiro passo para a modelagem \u00e9 definir as medidas do corpo. Em seguida ser\u00e3o executados os&nbsp;<strong>Moldes B\u00e1sicos&nbsp;<\/strong>que servir\u00e3o como ponto de partida para interpreta\u00e7\u00e3o de diversos modelos.<\/p>\n\n\n\n<p><strong>Principais Moldes B\u00e1sicos:<\/strong><\/p>\n\n\n\n<p><strong>Tecido Plano<\/strong>:<br>&#8211; Base da blusa, base da manga, base da saia e base da cal\u00e7a.<\/p>\n\n\n\n<p><strong>Malha<\/strong>:<br>&#8211; Base da blusa justa, base da manga justa e base da cal\u00e7a<\/p>\n\n\n\n<figure class=\"wp-block-image size-full\"><img loading=\"lazy\" decoding=\"async\" width=\"144\" height=\"137\" src=\"https:\/\/cortandoecosturando.com\/wp-content\/uploads\/2023\/05\/orientacoes1.jpg\" alt=\"\" class=\"wp-image-550\"\/><\/figure>\n\n\n\n<p><strong>Listamos abaixo o material necess\u00e1rio para execu\u00e7\u00e3o dos moldes:<\/strong><\/p>\n\n\n\n<p>&#8211; Papel Manilha ou papel Pardo<br>&#8211; Lapiseira 0,7mm ou 0,9mm<br>&#8211; R\u00e9gua curva pequena<br>&#8211; R\u00e9gua curva grande<br>&#8211; Esquadro<br>&#8211; Fita M\u00e9trica<br>&#8211; Tesoura para papel<br>&#8211; Fita adesiva e cola<br>&#8211; Carretilha<br>&#8211; Borracha<br>&#8211; Papel carbono para tecido nas cores branco, amarelo e vermelho.<\/p>\n\n\n\n<p><strong>Orienta\u00e7\u00f5es sobre a execu\u00e7\u00e3o dos moldes.<\/strong><\/p>\n\n\n\n<p>Os moldes ser\u00e3o tra\u00e7ados atrav\u00e9s de diagramas.<\/p>\n\n\n\n<p>Exemplo: Trace o ret\u00e2ngulo&nbsp;<strong>ABCD<\/strong>&nbsp;com as seguintes dimens\u00f5es:<\/p>\n\n\n\n<p><strong>A &#8211; B<\/strong>&nbsp;= 1\/2 do quadril<br><strong>A &#8211; C<\/strong>&nbsp;e&nbsp;<strong>B &#8211; D<\/strong>&nbsp;= Altura do quadril<\/p>\n\n\n\n<figure class=\"wp-block-image size-full\"><img loading=\"lazy\" decoding=\"async\" width=\"175\" height=\"82\" src=\"https:\/\/cortandoecosturando.com\/wp-content\/uploads\/2023\/05\/orientacoes2.jpg\" alt=\"\" class=\"wp-image-551\"\/><\/figure>\n\n\n\n<p>&#8211; As bases ser\u00e3o quase sempre tra\u00e7adas pelas metades, das costas e da frente, com exce\u00e7\u00e3o da cal\u00e7a que \u00e9 tra\u00e7ada com o papel aberto.<\/p>\n\n\n\n<p>&#8211; Para todas as bases, os tra\u00e7os ser\u00e3o orientados atrav\u00e9s de letras ou n\u00fameros.<\/p>\n\n\n\n<p>Para o tra\u00e7ado dos moldes \u00e9 de grande ajuda um conjunto de r\u00e9guas como o da figura abaixo, mas n\u00e3o \u00e9 indispens\u00e1vel..<\/p>\n\n\n\n<figure class=\"wp-block-image size-full\"><img loading=\"lazy\" decoding=\"async\" width=\"119\" height=\"55\" src=\"https:\/\/cortandoecosturando.com\/wp-content\/uploads\/2023\/05\/orientacoes3.jpg\" alt=\"\" class=\"wp-image-552\"\/><\/figure>\n\n\n\n<p><strong>Sobre a Malha<\/strong><\/p>\n\n\n\n<p>Diferente do Tecido Plano, as malhas s\u00e3o produzidas por la\u00e7adas interligadas que resultam em uma estrutura flex\u00edvel<\/p>\n\n\n\n<p>Dependendo do fio e da estrutura utilizada \u00e9 determinado o grau de elasticidade da malha.<\/p>\n\n\n\n<p><strong>Tipos de Malha:<\/strong><\/p>\n\n\n\n<p><strong>Malhas Firmes<\/strong><br>&#8211; Meia-malha de algod\u00e3o<br>&#8211; Moletom, plush etc.<\/p>\n\n\n\n<p><strong>Malhas el\u00e1sticas<br>&#8211;&nbsp;<\/strong>Lycra, cotton-lycra,etc.<\/p>\n\n\n\n<p><strong>Prepara\u00e7\u00e3o da Malha para o Corte<\/strong><\/p>\n\n\n\n<p>&#8211; A malha antes de ser cortada deve passar pelo processo de descanso, que consiste em deix\u00e1-la desenrolada em uma superf\u00edcie plana durante 24 horas.<\/p>\n\n\n\n<p><strong>M\u00e1quinas utilizadas para Malhas:<\/strong><\/p>\n\n\n\n<p>&#8211; Galoneira<br>&#8211; Overlock<br>&#8211; Reta<br>&#8211; Interlock<\/p>\n\n\n\n<p><strong>Para Costurar Malha:<\/strong><\/p>\n\n\n\n<p>&#8211; Agulha de m\u00e1quina n\u00ba 9 ou 11 (ponta bola)<br>&#8211; Fio Nylon ou poliester<\/p>\n\n\n\n<p>Obs:<br>&#8211; Utilize 4 pontos de m\u00e1quina por cent\u00edmetro<br>&#8211; Reduza a tens\u00e3o do fio.<\/p>\n\n\n\n<p><strong>C\u00e1lculo da Elasticidade da Malha<\/strong><\/p>\n\n\n\n<p>A modelagem para malha sofre redu\u00e7\u00f5es de acordo com a elasticidade da malha.<\/p>\n\n\n\n<p>1 &#8211; Com uma amostra do tecido estique-o para verificar qual o sentido que possui maior elasticidade, em geral \u00e9 o perpendicular a ourela.<\/p>\n\n\n\n<p>2 &#8211; Corte um ret\u00e2ngulo com 12cm de comprimento e 5cm de largura, observe que o comprimento vai ser o que tem maior elasticidade.<\/p>\n\n\n\n<p>3 &#8211; Coloque ( no ret\u00e2ngulo de 12cm cortado) dois alfinetes com dist\u00e2ncia de 10cm um do outro. Encoste o alfinete da esquerda sobre o ponto zero da r\u00e9gua e estique o m\u00e1ximo poss\u00edvel (puxe pelo alfinete da direita). Anote o n\u00famero onde o alfinete da direita alcan\u00e7ou.<\/p>\n\n\n\n<p>Ex: Quando esticou o alfinete da direita e alcan\u00e7ou 14cm isso quer dizer que a malha tem 40% de elasticidade.<\/p>\n\n\n\n<p><strong>Elasticidade das malhas:<\/strong><\/p>\n\n\n\n<p><strong>Baixa Elasticidade<\/strong>&nbsp;&#8211; At\u00e9 12<br>&#8211; Use a tabela de medidas para tecido plano<\/p>\n\n\n\n<p><strong>M\u00e9dia Elasticidade<\/strong>&nbsp;&#8211; de 12 a 18<br>&#8211; Use a tabela de medidas para malha de m\u00e9dia elasticidade<\/p>\n\n\n\n<p><strong>Alta Elasticidade<\/strong>&nbsp;&#8211; acima de 18<br>&#8211; Use a tabela de medidas para malha de alta elasticidade<\/p>\n\n\n\n<figure class=\"wp-block-embed is-type-video is-provider-youtube wp-block-embed-youtube wp-embed-aspect-16-9 wp-has-aspect-ratio\"><div class=\"wp-block-embed__wrapper\">\n<div class=\"ast-oembed-container\" style=\"height: 100%;\"><iframe loading=\"lazy\" title=\"&quot;Como Fazer Modelagem B\u00e1sica de Cal\u00e7a Masculina: Tutorial Passo a Passo para Iniciantes&quot;\" width=\"500\" height=\"281\" src=\"https:\/\/www.youtube.com\/embed\/5PoMHaU5_b8?feature=oembed\" frameborder=\"0\" allow=\"accelerometer; autoplay; clipboard-write; encrypted-media; gyroscope; picture-in-picture; web-share\" referrerpolicy=\"strict-origin-when-cross-origin\" allowfullscreen><\/iframe><\/div>\n<\/div><\/figure>\n\n\n\n<script async src=\"https:\/\/pagead2.googlesyndication.com\/pagead\/js\/adsbygoogle.js?client=ca-pub-6018424792278764\"\n     crossorigin=\"anonymous\"><\/script>\n<!-- anuncio3o -->\n<ins class=\"adsbygoogle\"\n     style=\"display:block\"\n     data-ad-client=\"ca-pub-6018424792278764\"\n     data-ad-slot=\"4033997556\"\n     data-ad-format=\"auto\"\n     data-full-width-responsive=\"true\"><\/ins>\n<script>\n     (adsbygoogle = window.adsbygoogle || []).push({});\n<\/script>\n\n\n\n<p><\/p>\n\n\n\n<div class=\"ast-oembed-container\" style=\"height: 100%;\"><iframe loading=\"lazy\" title=\"Blusa Gom Gola Drapeada\" width=\"500\" height=\"281\" src=\"https:\/\/www.youtube.com\/embed\/5DFOYE47X2I?start=269&#038;feature=oembed\" frameborder=\"0\" allow=\"accelerometer; autoplay; clipboard-write; encrypted-media; gyroscope; picture-in-picture; web-share\" referrerpolicy=\"strict-origin-when-cross-origin\" allowfullscreen><\/iframe><\/div>\n\n\n\n<figure class=\"wp-block-video\"><\/figure>\n\n\n<div class=\"entry-content wp-block-post-content is-layout-flow wp-block-post-content-is-layout-flow\">\n<div class=\"wp-block-columns\">\n<div class=\"wp-block-column is-layout-flow wp-block-column-is-layout-flow\" style=\"flex-basis:66.66%\">\n<p>Costurar as pr\u00f3prias roupas pode trazer uma s\u00e9rie de prazeres e benef\u00edcios. Aqui est\u00e3o alguns aspectos positivos desse hobby:<\/p>\n\n\n\n &hellip;<p class=\"ast-the-content-more-link\"> <a class=\"\" href=\"https:\/\/cortandoecosturando.com\/index.php\/corte-e-costura-sob-medida\/\"> <span class=\"screen-reader-text\">Corte e Costura Sob Medida<\/span>Leia mais &raquo;<\/a><\/p><\/div><\/div><\/div><\/div><!-- \/wp:columns -->\n<div class=\"wp-block-columns\"><!-- wp:column -->\n<div class=\"wp-block-column\"><!-- wp:columns -->\n<div class=\"wp-block-columns\"><!-- wp:column {\"width\":\"66.66%\"} -->\n<div class=\"wp-block-column\" style=\"flex-basis:66.66%\"><!-- wp:paragraph -->\n<p>Costurar as pr\u00f3prias roupas pode trazer uma s\u00e9rie de prazeres e benef\u00edcios. Aqui est\u00e3o alguns aspectos positivos desse hobby:<\/p>\n<!-- \/wp:paragraph -->\n\n\n &hellip;<p class=\"ast-the-content-more-link\"> <a class=\"\" href=\"https:\/\/cortandoecosturando.com\/index.php\/corte-e-costura-sob-medida\/\"> <span class=\"screen-reader-text\">Corte e Costura Sob Medida<\/span>Leia mais &raquo;<\/a><\/p><\/div><\/div><\/div><\/div><!-- \/wp:post-content --><!-- \/wp:column --><!-- wp:columns -->\n<div class=\"wp-block-columns\"><!-- wp:column -->\n<div class=\"wp-block-column\"><!-- wp:columns -->\n<div class=\"wp-block-columns\"><!-- wp:column {\"width\":\"66.66%\"} -->\n<div class=\"wp-block-column\" style=\"flex-basis:66.66%\"><!-- wp:paragraph -->\n<p>Costurar as pr\u00f3prias roupas pode trazer uma s\u00e9rie de prazeres e benef\u00edcios. Aqui est\u00e3o alguns aspectos positivos desse hobby:<\/p>\n<!-- \/wp:paragraph -->\n\n\n &hellip;<p class=\"ast-the-content-more-link\"> <a class=\"\" href=\"https:\/\/cortandoecosturando.com\/index.php\/corte-e-costura-sob-medida\/\"> <span class=\"screen-reader-text\">Corte e Costura Sob Medida<\/span>Leia mais &raquo;<\/a><\/p><\/div><\/div><\/div><\/div><!-- \/wp:post-content --><!-- \/wp:columns --><!-- wp:post-content --><!-- wp:columns -->\n<div class=\"wp-block-columns\"><!-- wp:column -->\n<div class=\"wp-block-column\"><!-- wp:columns -->\n<div class=\"wp-block-columns\"><!-- wp:column {\"width\":\"66.66%\"} -->\n<div class=\"wp-block-column\" style=\"flex-basis:66.66%\"><!-- wp:paragraph -->\n<p>Costurar as pr\u00f3prias roupas pode trazer uma s\u00e9rie de prazeres e benef\u00edcios. Aqui est\u00e3o alguns aspectos positivos desse hobby:<\/p>\n<!-- \/wp:paragraph -->\n\n\n &hellip;<p class=\"ast-the-content-more-link\"> <a class=\"\" href=\"https:\/\/cortandoecosturando.com\/index.php\/corte-e-costura-sob-medida\/\"> <span class=\"screen-reader-text\">Corte e Costura Sob Medida<\/span>Leia mais &raquo;<\/a><\/p><\/div><\/div><\/div><\/div><!-- \/wp:post-content --><\/div>","protected":false},"excerpt":{"rendered":"<p>Costurar as pr\u00f3prias roupas pode trazer uma s\u00e9rie de prazeres e benef\u00edcios. Aqui est\u00e3o alguns aspectos positivos desse hobby: Costurar as pr\u00f3prias roupas pode trazer uma s\u00e9rie de prazeres e benef\u00edcios. Aqui est\u00e3o alguns aspectos positivos desse hobby: Costurar as pr\u00f3prias roupas pode trazer uma s\u00e9rie de prazeres e benef\u00edcios. Aqui est\u00e3o alguns aspectos positivos &hellip;<\/p>\n<p class=\"read-more\"> <a class=\"\" href=\"https:\/\/cortandoecosturando.com\/index.php\/corte-e-costura-sob-medida\/\"> <span class=\"screen-reader-text\">Corte e Costura Sob Medida<\/span> Leia mais &raquo;<\/a><\/p>\n","protected":false},"author":1,"featured_media":0,"parent":0,"menu_order":0,"comment_status":"closed","ping_status":"closed","template":"","meta":{"site-sidebar-layout":"default","site-content-layout":"default","ast-global-header-display":"","ast-banner-title-visibility":"","ast-main-header-display":"","ast-hfb-above-header-display":"","ast-hfb-below-header-display":"","ast-hfb-mobile-header-display":"","site-post-title":"","ast-breadcrumbs-content":"","ast-featured-img":"","footer-sml-layout":"","theme-transparent-header-meta":"","adv-header-id-meta":"","stick-header-meta":"","header-above-stick-meta":"","header-main-stick-meta":"","header-below-stick-meta":"","footnotes":""},"class_list":["post-95","page","type-page","status-publish","hentry"],"_links":{"self":[{"href":"https:\/\/cortandoecosturando.com\/index.php\/wp-json\/wp\/v2\/pages\/95","targetHints":{"allow":["GET"]}}],"collection":[{"href":"https:\/\/cortandoecosturando.com\/index.php\/wp-json\/wp\/v2\/pages"}],"about":[{"href":"https:\/\/cortandoecosturando.com\/index.php\/wp-json\/wp\/v2\/types\/page"}],"author":[{"embeddable":true,"href":"https:\/\/cortandoecosturando.com\/index.php\/wp-json\/wp\/v2\/users\/1"}],"replies":[{"embeddable":true,"href":"https:\/\/cortandoecosturando.com\/index.php\/wp-json\/wp\/v2\/comments?post=95"}],"version-history":[{"count":35,"href":"https:\/\/cortandoecosturando.com\/index.php\/wp-json\/wp\/v2\/pages\/95\/revisions"}],"predecessor-version":[{"id":1217,"href":"https:\/\/cortandoecosturando.com\/index.php\/wp-json\/wp\/v2\/pages\/95\/revisions\/1217"}],"wp:attachment":[{"href":"https:\/\/cortandoecosturando.com\/index.php\/wp-json\/wp\/v2\/media?parent=95"}],"curies":[{"name":"wp","href":"https:\/\/api.w.org\/{rel}","templated":true}]}}